{"id":60,"date":"2020-10-04T20:19:15","date_gmt":"2020-10-04T20:19:15","guid":{"rendered":"https:\/\/www.lapco.pl\/?page_id=60"},"modified":"2020-10-30T19:09:44","modified_gmt":"2020-10-30T19:09:44","slug":"certyfikacja-pozaszkoleniowa","status":"publish","type":"page","link":"https:\/\/www.lapco.pl\/index.php\/certyfikacja-pozaszkoleniowa\/","title":{"rendered":"Certyfikacja"},"content":{"rendered":"","protected":false},"excerpt":{"rendered":"","protected":false},"author":1,"featured_media":0,"parent":0,"menu_order":0,"comment_status":"closed","ping_status":"closed","template":"","meta":{"footnotes":""},"class_list":["post-60","page","type-page","status-publish","hentry"],"yoast_head":"<!-- This site is optimized with the Yoast SEO plugin v26.8 - https:\/\/yoast.com\/product\/yoast-seo-wordpress\/ -->\n<title>Akademia LapCo Poland Online - Certyfikacja pozaszkoleniowa<\/title>\n<meta name=\"description\" content=\"Presti\u017cowy certyfikat LapCo i unikatowe szkolenia to najwy\u017csze \u015bwiatowe standardy w minimalnie inwazyjnych operacjach jelita grubego.\" \/>\n<meta name=\"robots\" content=\"index, follow, max-snippet:-1, max-image-preview:large, max-video-preview:-1\" \/>\n<link rel=\"canonical\" href=\"https:\/\/www.lapco.pl\/index.php\/certyfikacja-pozaszkoleniowa\/\" \/>\n<meta property=\"og:locale\" content=\"pl_PL\" \/>\n<meta property=\"og:type\" content=\"article\" \/>\n<meta property=\"og:title\" content=\"Akademia LapCo Poland Online - Certyfikacja pozaszkoleniowa\" \/>\n<meta property=\"og:description\" content=\"Presti\u017cowy certyfikat LapCo i unikatowe szkolenia to najwy\u017csze \u015bwiatowe standardy w minimalnie inwazyjnych operacjach jelita grubego.\" \/>\n<meta property=\"og:url\" content=\"https:\/\/www.lapco.pl\/index.php\/certyfikacja-pozaszkoleniowa\/\" \/>\n<meta property=\"og:site_name\" content=\"Lapco\" \/>\n<meta property=\"article:modified_time\" content=\"2020-10-30T19:09:44+00:00\" \/>\n<meta name=\"twitter:card\" content=\"summary_large_image\" \/>\n<script type=\"application\/ld+json\" class=\"yoast-schema-graph\">{\"@context\":\"https:\/\/schema.org\",\"@graph\":[{\"@type\":\"WebPage\",\"@id\":\"https:\/\/www.lapco.pl\/index.php\/certyfikacja-pozaszkoleniowa\/\",\"url\":\"https:\/\/www.lapco.pl\/index.php\/certyfikacja-pozaszkoleniowa\/\",\"name\":\"Akademia LapCo Poland Online - Certyfikacja pozaszkoleniowa\",\"isPartOf\":{\"@id\":\"https:\/\/www.lapco.pl\/#website\"},\"datePublished\":\"2020-10-04T20:19:15+00:00\",\"dateModified\":\"2020-10-30T19:09:44+00:00\",\"description\":\"Presti\u017cowy certyfikat LapCo i unikatowe szkolenia to najwy\u017csze \u015bwiatowe standardy w minimalnie inwazyjnych operacjach jelita grubego.\",\"breadcrumb\":{\"@id\":\"https:\/\/www.lapco.pl\/index.php\/certyfikacja-pozaszkoleniowa\/#breadcrumb\"},\"inLanguage\":\"pl-PL\",\"potentialAction\":[{\"@type\":\"ReadAction\",\"target\":[\"https:\/\/www.lapco.pl\/index.php\/certyfikacja-pozaszkoleniowa\/\"]}]},{\"@type\":\"BreadcrumbList\",\"@id\":\"https:\/\/www.lapco.pl\/index.php\/certyfikacja-pozaszkoleniowa\/#breadcrumb\",\"itemListElement\":[{\"@type\":\"ListItem\",\"position\":1,\"name\":\"Strona g\u0142\u00f3wna\",\"item\":\"https:\/\/www.lapco.pl\/\"},{\"@type\":\"ListItem\",\"position\":2,\"name\":\"Certyfikacja\"}]},{\"@type\":\"WebSite\",\"@id\":\"https:\/\/www.lapco.pl\/#website\",\"url\":\"https:\/\/www.lapco.pl\/\",\"name\":\"Lapco\",\"description\":\"Akademia Lapco Poland ONLINE\",\"publisher\":{\"@id\":\"https:\/\/www.lapco.pl\/#organization\"},\"potentialAction\":[{\"@type\":\"SearchAction\",\"target\":{\"@type\":\"EntryPoint\",\"urlTemplate\":\"https:\/\/www.lapco.pl\/?s={search_term_string}\"},\"query-input\":{\"@type\":\"PropertyValueSpecification\",\"valueRequired\":true,\"valueName\":\"search_term_string\"}}],\"inLanguage\":\"pl-PL\"},{\"@type\":\"Organization\",\"@id\":\"https:\/\/www.lapco.pl\/#organization\",\"name\":\"Akademia LapCo Poland Online\",\"url\":\"https:\/\/www.lapco.pl\/\",\"logo\":{\"@type\":\"ImageObject\",\"inLanguage\":\"pl-PL\",\"@id\":\"https:\/\/www.lapco.pl\/#\/schema\/logo\/image\/\",\"url\":\"https:\/\/www.lapco.pl\/wp-content\/uploads\/2020\/09\/lapco-laparoskopia-02.png\",\"contentUrl\":\"https:\/\/www.lapco.pl\/wp-content\/uploads\/2020\/09\/lapco-laparoskopia-02.png\",\"width\":601,\"height\":601,\"caption\":\"Akademia LapCo Poland Online\"},\"image\":{\"@id\":\"https:\/\/www.lapco.pl\/#\/schema\/logo\/image\/\"}}]}<\/script>\n<!-- \/ Yoast SEO plugin. -->","yoast_head_json":{"title":"Akademia LapCo Poland Online - Certyfikacja pozaszkoleniowa","description":"Presti\u017cowy certyfikat LapCo i unikatowe szkolenia to najwy\u017csze \u015bwiatowe standardy w minimalnie inwazyjnych operacjach jelita grubego.","robots":{"index":"index","follow":"follow","max-snippet":"max-snippet:-1","max-image-preview":"max-image-preview:large","max-video-preview":"max-video-preview:-1"},"canonical":"https:\/\/www.lapco.pl\/index.php\/certyfikacja-pozaszkoleniowa\/","og_locale":"pl_PL","og_type":"article","og_title":"Akademia LapCo Poland Online - Certyfikacja pozaszkoleniowa","og_description":"Presti\u017cowy certyfikat LapCo i unikatowe szkolenia to najwy\u017csze \u015bwiatowe standardy w minimalnie inwazyjnych operacjach jelita grubego.","og_url":"https:\/\/www.lapco.pl\/index.php\/certyfikacja-pozaszkoleniowa\/","og_site_name":"Lapco","article_modified_time":"2020-10-30T19:09:44+00:00","twitter_card":"summary_large_image","schema":{"@context":"https:\/\/schema.org","@graph":[{"@type":"WebPage","@id":"https:\/\/www.lapco.pl\/index.php\/certyfikacja-pozaszkoleniowa\/","url":"https:\/\/www.lapco.pl\/index.php\/certyfikacja-pozaszkoleniowa\/","name":"Akademia LapCo Poland Online - Certyfikacja pozaszkoleniowa","isPartOf":{"@id":"https:\/\/www.lapco.pl\/#website"},"datePublished":"2020-10-04T20:19:15+00:00","dateModified":"2020-10-30T19:09:44+00:00","description":"Presti\u017cowy certyfikat LapCo i unikatowe szkolenia to najwy\u017csze \u015bwiatowe standardy w minimalnie inwazyjnych operacjach jelita grubego.","breadcrumb":{"@id":"https:\/\/www.lapco.pl\/index.php\/certyfikacja-pozaszkoleniowa\/#breadcrumb"},"inLanguage":"pl-PL","potentialAction":[{"@type":"ReadAction","target":["https:\/\/www.lapco.pl\/index.php\/certyfikacja-pozaszkoleniowa\/"]}]},{"@type":"BreadcrumbList","@id":"https:\/\/www.lapco.pl\/index.php\/certyfikacja-pozaszkoleniowa\/#breadcrumb","itemListElement":[{"@type":"ListItem","position":1,"name":"Strona g\u0142\u00f3wna","item":"https:\/\/www.lapco.pl\/"},{"@type":"ListItem","position":2,"name":"Certyfikacja"}]},{"@type":"WebSite","@id":"https:\/\/www.lapco.pl\/#website","url":"https:\/\/www.lapco.pl\/","name":"Lapco","description":"Akademia Lapco Poland ONLINE","publisher":{"@id":"https:\/\/www.lapco.pl\/#organization"},"potentialAction":[{"@type":"SearchAction","target":{"@type":"EntryPoint","urlTemplate":"https:\/\/www.lapco.pl\/?s={search_term_string}"},"query-input":{"@type":"PropertyValueSpecification","valueRequired":true,"valueName":"search_term_string"}}],"inLanguage":"pl-PL"},{"@type":"Organization","@id":"https:\/\/www.lapco.pl\/#organization","name":"Akademia LapCo Poland Online","url":"https:\/\/www.lapco.pl\/","logo":{"@type":"ImageObject","inLanguage":"pl-PL","@id":"https:\/\/www.lapco.pl\/#\/schema\/logo\/image\/","url":"https:\/\/www.lapco.pl\/wp-content\/uploads\/2020\/09\/lapco-laparoskopia-02.png","contentUrl":"https:\/\/www.lapco.pl\/wp-content\/uploads\/2020\/09\/lapco-laparoskopia-02.png","width":601,"height":601,"caption":"Akademia LapCo Poland Online"},"image":{"@id":"https:\/\/www.lapco.pl\/#\/schema\/logo\/image\/"}}]}},"_links":{"self":[{"href":"https:\/\/www.lapco.pl\/index.php\/wp-json\/wp\/v2\/pages\/60","targetHints":{"allow":["GET"]}}],"collection":[{"href":"https:\/\/www.lapco.pl\/index.php\/wp-json\/wp\/v2\/pages"}],"about":[{"href":"https:\/\/www.lapco.pl\/index.php\/wp-json\/wp\/v2\/types\/page"}],"author":[{"embeddable":true,"href":"https:\/\/www.lapco.pl\/index.php\/wp-json\/wp\/v2\/users\/1"}],"replies":[{"embeddable":true,"href":"https:\/\/www.lapco.pl\/index.php\/wp-json\/wp\/v2\/comments?post=60"}],"version-history":[{"count":1,"href":"https:\/\/www.lapco.pl\/index.php\/wp-json\/wp\/v2\/pages\/60\/revisions"}],"predecessor-version":[{"id":61,"href":"https:\/\/www.lapco.pl\/index.php\/wp-json\/wp\/v2\/pages\/60\/revisions\/61"}],"wp:attachment":[{"href":"https:\/\/www.lapco.pl\/index.php\/wp-json\/wp\/v2\/media?parent=60"}],"curies":[{"name":"wp","href":"https:\/\/api.w.org\/{rel}","templated":true}]}}